{"id":31,"date":"2018-12-08T09:12:25","date_gmt":"2018-12-08T09:12:25","guid":{"rendered":"http:\/\/testmaxos.markus-pressler.de\/?page_id=31"},"modified":"2019-10-29T14:15:06","modified_gmt":"2019-10-29T14:15:06","slug":"herzliche-willkommen","status":"publish","type":"page","link":"https:\/\/promaxoskar.org\/","title":{"rendered":"Unser Anliegen"},"content":{"rendered":"\n<h4>Weitere Infos in der <a href=\"https:\/\/promaxoskar.org\/?page_id=152\">Chronologie<\/a><\/h4>\n\n\n\n<p><br><strong>PRO MAX UND OSKAR<\/strong><\/p>\n\n\n\n<p>Wir sind Anwohner und Gewerbetreibende rund um die Gro\u00dfbaustelle<br>\u00bbGeneralinstandsetzung und Erweiterung Oskar-von-Miller-Gymnasium und Maximiliansgymnasium\u00ab<br>in der Karl-Theodor-Stra\u00dfe und Siegfriedstra\u00dfe in Schwabing.<\/p>\n\n\n\n<p><strong>Wir finden es sehr gut, dass die beiden Schulen saniert und modernisiert werden.<\/strong><\/p>\n\n\n\n<p>Das bedeutet aber f\u00fcr uns mindestens 4 Jahre lang L\u00e4rm, Dreck, Abgase&nbsp; \u2013 von Montag bis Samstag.<br>Wie bei jeder Baustelle wird es zwangsl\u00e4ufig zu Beeintr\u00e4chtigungen und gef\u00e4hrdenden Situationen kommen. Damit m\u00fcssen wir leben.<\/p>\n\n\n\n<p><strong>Wir m\u00f6chten jedoch erreichen, dass unn\u00f6tige Belastungen vermieden und vor allem der Baustellenverkehr anwohnervertr\u00e4glicher gestaltet wird. <\/strong><\/p>\n\n\n\n<p>Die\nVerkehrsf\u00fchrung wurde von den Verantwortlichen der Stadt \u2013 ohne Anh\u00f6rung der\nAnwohner \u2013 folgenderma\u00dfen festgelegt:<\/p>\n\n\n\n<p><strong>Zufahrt zur Baustelle vom Bonner Platz \u00fcber die Karl-Theodor-Stra\u00dfe direkt in den Hof der Schule und Abfahrt von der Baustelle an der Turnhalle\/Schwimmhalle Morawitzkystra\u00dfe vorbei \u00fcber die Stury-, Siegfried- und Karl-Theodor-Stra\u00dfe zur\u00fcck zum Bonner Platz.<\/strong><\/p>\n\n\n\n<figure class=\"wp-block-image\"><a href=\"https:\/\/promaxoskar.org\/wp-content\/uploads\/2019\/01\/BaustellenverkehrPhaseIV.png\" target=\"_blank\" rel=\"noreferrer noopener\"><img loading=\"lazy\" width=\"1024\" height=\"717\" src=\"http:\/\/promaxoskar.org\/wp-content\/uploads\/2019\/01\/BaustellenverkehrPhaseIV-1024x717.png\" alt=\"\" class=\"wp-image-171\" srcset=\"https:\/\/promaxoskar.org\/wp-content\/uploads\/2019\/01\/BaustellenverkehrPhaseIV-1024x717.png 1024w, https:\/\/promaxoskar.org\/wp-content\/uploads\/2019\/01\/BaustellenverkehrPhaseIV-300x210.png 300w, https:\/\/promaxoskar.org\/wp-content\/uploads\/2019\/01\/BaustellenverkehrPhaseIV-768x538.png 768w\" sizes=\"(max-width: 767px) 89vw, (max-width: 1000px) 54vw, (max-width: 1071px) 543px, 580px\" \/><\/a><figcaption>Baustellenverkehr Phase IV<\/figcaption><\/figure>\n\n\n\n<p><strong>Das bedeutet:<\/strong><br>\u2022&nbsp; Tausende LKWs werden in den n\u00e4chsten Jahren durch unser Viertel rollen,<br>\u2022&nbsp; hin und zur\u00fcck \u00fcber insgesamt 12&nbsp;Kreuzungen und 3 Zebrastreifen.<br>\u2022&nbsp; Jede Kreuzung wird ein neuer Gefahrenpunkt f\u00fcr unsere Schulkinder und Senioren, f\u00fcr uns Fu\u00dfg\u00e4nger und Radfahrer sein.<br>\u2022&nbsp; Unsere Kinder werden dem Schwerlastverkehr t\u00e4glich ausgesetzt sein, auf dem Weg zur Schule und in die Kita.<br>\u2022 Die LKWs werden t\u00e4glich an unseren Ladengesch\u00e4ften und Lokalen vorbeifahren.<br>\u2022&nbsp; An s\u00e4mtlichen Kreuzungen der Fahrroute werden die LKWs abbremsen und wieder anfahren m\u00fcssen \u2013 das wird zu gro\u00dfen L\u00e4rm- und Abgasemissionen f\u00fchren, die vermeidbar w\u00e4ren.<br>\u2022 &nbsp;Es werden t\u00e4glich (!) \u00fcber die n\u00e4chsten 4 Jahre bis zu 100 Parkpl\u00e4tze wegfallen.<br>\u2022&nbsp; Und es gibt bis heute kein Angebot des KVR, auf andere Parklizenzgebiete auszuweichen, u.v.m.<\/p>\n\n\n\n<p><strong>Die geplante F\u00fchrung des Baustellenverkehrs ist eine unn\u00f6tige Gef\u00e4hrdung f\u00fcr uns alle \u2013 besonders f\u00fcr unsere Kinder und Senioren, f\u00fcr uns Fu\u00dfg\u00e4nger und Radfahrer. Sie wird zu unn\u00f6tigen Emissionen f\u00fchren. Und sie bedroht schon heute die Existenz von Ladengesch\u00e4ften und Lokalen!<\/strong><\/p>\n\n\n\n<p>Auf dieser Baustelle wird bis mindestens Sommer 2022 unter Hochdruck gearbeitet werden.<br>Das ist eine lange Zeit. Lebenszeit!<\/p>\n\n\n\n<p><strong>Wir m\u00f6chten mitsprechen!<\/strong><br><strong>Deshalb gr\u00fcnden wir die B\u00fcrgerinitiative \u201ePro Max und Oskar\u201c.<\/strong><\/p>\n\n\n\n<p><strong>Wir legen machbare Verbesserungen der Verkehrsf\u00fchrung vor.<\/strong><br><strong>Wir fordern eine transparente Darstellung der Bauphasen.<\/strong><br><strong>Wir begleiten<\/strong> <strong>kritisch und konstruktiv die Baustellenma\u00dfnahmen.<\/strong><\/p>\n","protected":false},"excerpt":{"rendered":"<p>Weitere Infos in der Chronologie PRO MAX UND OSKAR Wir sind Anwohner und Gewerbetreibende rund um die Gro\u00dfbaustelle\u00bbGeneralinstandsetzung und Erweiterung Oskar-von-Miller-Gymnasium und Maximiliansgymnasium\u00abin der Karl-Theodor-Stra\u00dfe und Siegfriedstra\u00dfe in Schwabing. Wir finden es sehr gut, dass die beiden Schulen saniert und modernisiert werden. Das bedeutet aber f\u00fcr uns mindestens 4 Jahre lang L\u00e4rm, Dreck, Abgase&nbsp; \u2013 &hellip; <\/p>\n<p class=\"link-more\"><a href=\"https:\/\/promaxoskar.org\/\" class=\"more-link\"><span class=\"screen-reader-text\">\u201eUnser Anliegen\u201c<\/span> weiterlesen<\/a><\/p>\n","protected":false},"author":1,"featured_media":0,"parent":0,"menu_order":0,"comment_status":"closed","ping_status":"closed","template":"","meta":{"ngg_post_thumbnail":0},"_links":{"self":[{"href":"https:\/\/promaxoskar.org\/index.php?rest_route=\/wp\/v2\/pages\/31"}],"collection":[{"href":"https:\/\/promaxoskar.org\/index.php?rest_route=\/wp\/v2\/pages"}],"about":[{"href":"https:\/\/promaxoskar.org\/index.php?rest_route=\/wp\/v2\/types\/page"}],"author":[{"embeddable":true,"href":"https:\/\/promaxoskar.org\/index.php?rest_route=\/wp\/v2\/users\/1"}],"replies":[{"embeddable":true,"href":"https:\/\/promaxoskar.org\/index.php?rest_route=%2Fwp%2Fv2%2Fcomments&post=31"}],"version-history":[{"count":29,"href":"https:\/\/promaxoskar.org\/index.php?rest_route=\/wp\/v2\/pages\/31\/revisions"}],"predecessor-version":[{"id":564,"href":"https:\/\/promaxoskar.org\/index.php?rest_route=\/wp\/v2\/pages\/31\/revisions\/564"}],"wp:attachment":[{"href":"https:\/\/promaxoskar.org\/index.php?rest_route=%2Fwp%2Fv2%2Fmedia&parent=31"}],"curies":[{"name":"wp","href":"https:\/\/api.w.org\/{rel}","templated":true}]}}